 + w. Calculate the highest common factor of d and 24.
6
Let n(t) = t**2 - t - 5. Let p be n(4). Suppose -83 = -3*u - 4*q - p, -3*q = -12. What is the greatest common factor of 60 and u?
20
Let l(q) = q**3 + 17*q**2 - q - 18. Let u be l(-17). Let g = u + 13. What is the highest common factor of 8 and g?
4
Suppose t = -5*l + 13 + 11, 28 = 4*l + 3*t. Suppose 3*v = 6 - 0. Calculate the greatest common divisor of v and l.
2
Let b = 76 + -8. What is the greatest common factor of 17 and b?
17
Let j be -3 + (0 + 2 - -96). Calculate the highest common divisor of 19 and j.
19
Let r(v) be the third derivative of v**5/60 + v**4/6 + v**3/2 - 3*v**2. Let z be r(-5). Suppose -5*l = -317 - 3. What is the greatest common divisor of z and l?
8
Let l(a) = -a**2 - a + 60. Let x be l(0). What is the highest common factor of 36 and x?
12
Let u(i) = i**3 + i**2 + i + 2. Let l be u(0). Let g = 18 - 8. Suppose -g = -w - l*o, o = -3*w + 5*o + 50. Calculate the highest common factor of w and 42.
14
Suppose -4*l - 208 = -20*l. Calculate the highest common divisor of l and 104.
13
Let o(w) = -w**3 - 4*w**2 + 3*w - 14. Let p be o(-7). Let c be (-2)/3*3 - -25. Let u = -9 + c. Calculate the greatest common divisor of u and p.
14
Suppose 2*a + 0*a - 22 = 5*z, 4*z + 38 = 5*a. Suppose 80 = a*c - 5*c. What is the greatest common divisor of c and 16?
16
Let v(q) = -q. Let r be v(-1). Let y(d) = -d**3 + d**2 - d + 8. Let n be y(0). Calculate the greatest common divisor of r and n.
1
Let r(z) = 46*z. Let f be r(1). Suppose 0 = -3*p - 3*q + 22 + 2, 5*p + 3*q - f = 0. What is the highest common factor of 99 and p?
11
Let p be (-87 + -3)*(-1)/2. What is the highest common factor of p and 9?
9
Let i(u) = u**3 - 6*u**2 - 2*u + 9. Let c be i(6). Let j be -7 + c*(-3)/9. Let t be 16/12*j/(-4). Calculate the highest common factor of 2 and t.
2
Suppose 0*r - r = -7. Let w = 67 - 18. Calculate the highest common factor of w and r.
7
Let f be (-94)/(-6) - 2/3. Let h be 100/f - 2/(-6). What is the greatest common divisor of 63 and h?
7
Let v = -135 - -199. Let r = 19 - 11. What is the highest common divisor of r and v?
8
Let w(v) = 10*v - 4. Let j be (0 - 10)*(-4)/10. Let u be w(j). What is the greatest common divisor of u and 24?
12
Suppose 0 = 5*w - 162 - 13. Let k be (-12)/4 + 31 + 0. Let n = k + -14. What is the highest common divisor of w and n?
7
Let p = 8 + -10. Let k(q) = -9*q. Let a be k(p). What is the greatest common divisor of a and 54?
18
Let t(k) = -3*k + 5. Let g be t(-5). Suppose 2*w - 24 = -w. What is the highest common factor of g and w?
4
Let h be (-6 + 3)*(-40)/12. What is the greatest common divisor of 5 and h?
5
Suppose 2*l = -2*x + 120, x - 3*x + 5*l + 120 = 0. Calculate the highest common divisor of x and 30.
30
Let g(b) = b - 45. Let v be g(0). Let a be (v/3)/(1/(-1)). Calculate the highest common factor of 10 and a.
5
Let l(s) = -64*s - 116. Let i be l(-4). Let p be ((-1)/3 - -1)*84. Calculate the greatest common divisor of i and p.
28
Suppose 6 + 4 = -5*x. Let g be -2 - (1 - 1) - -4. Let s be (15/x)/(g/(-48)). What is the greatest common factor of 20 and s?
20
Let k(l) = -l**3 - 9*l**2 - 6*l + 5. Let y be k(-9). Suppose -3*u + 2*q - 5*q + 207 = 0, u - q = y. Calculate the greatest common divisor of 8 and u.
8
Let c(j) = -14*j**3 + j. Let t be c(-1). Let u be 2 - (-2 - -3)*-2. Suppose -g + x = -4*g + 77, u*x = -g + 22. Calculate the greatest common factor of g and t.
13
Suppose 0 = -2*k + 19 + 73. Calculate the greatest common divisor of 138 and k.
46
Suppose 13*h = 16*h - 315. Calculate the highest common factor of 21 and h.
21
Let x be 6 - (-4)/12*-9. Suppose 102 = x*u + 4*b - 157, 0 = -4*u + 5*b + 304. Calculate the highest common factor of 27 and u.
27
Let h be (1 + -8)*1*-1. Suppose -6*f + f = -5*u + 325, 4*f = -3*u + 230. Suppose 2*o + 0*o = u. Calculate the highest common factor of h and o.
7
Suppose 4*u = 2*u + 48. What is the highest common divisor of u and 16?
8
Let k = 68 - 47. Suppose -2*t = -5*t + k. Let i(o) = o + 3. Let q be i(t). What is the greatest common factor of q and 20?
10
Let z(v) = 13*v + 1. Let j(f) = 6*f. Let w(n) = -7*j(n) + 3*z(n). Suppose -7*t = -2*t + 20. Let d be w(t). Calculate the highest common factor of 75 and d.
15
Let b be 189/(-14)*6/(-9). What is the greatest common divisor of b and 54?
9
Let p be (2/(-4))/(5/(-130)). Calculate the highest common divisor of 117 and p.
13
Let b(f) = -f**3 + 9*f**2 - 8*f + 3. Let o be b(8). Calculate the highest common divisor of o and 15.
3
Let a = 93 - 63. What is the highest common factor of 90 and a?
30
Suppose 4*p - 4 - 1 = -f, 3*f + 5*p + 6 = 0. Let a(q) = -3*q - 6. Let i be a(f). Calculate the highest common divisor of 6 and i.
3
Let z = 12 + 17. What is the greatest common divisor of 319 and z?
29
Let a be 2 + (38/6)/((-3)/(-9)). What is the highest common divisor of a and 189?
21
Let v be (-54)/4*(-4)/(-3). Let l be v*((-6)/9)/2. What is the greatest common factor of l and 42?
6
Let v be 5*-1*18/30. Let u = v + 13. What is the highest common factor of u and 5?
5
Let y = -53 + 193. Let p be ((-9)/5)/((-21)/y). Calculate the highest common factor of p and 132.
12
Let a(d) = -d**3 - 4*d**2 - 2*d - 1. Let h be a(-4). Suppose -h*k = -10*k + 285. Calculate the greatest common factor of k and 19.
19
Suppose b = -3*z - 3, -2*b = 5*z + 4 - 0. Suppose -p = -b*h - 8, -8*h + 4*h - 32 = -4*p. Let u = p + 6. What is the greatest common divisor of 126 and u?
14
Suppose 0 = c + 2*s - 8 + 3, 5*s = -2*c + 9. Suppose -4*h + c*h + 30 = 0. Let w be (h/(-3))/(14/21). Calculate the greatest common factor of w and 40.
5
Suppose -4*w + 49 = -2*a - 37, 0 = -2*a - 6. Let t be 2/(-1) - -1*5. Let d be (-10)/((t + -1)*-1). What is the highest common factor of d and w?
5
Let q be 200/30*108/10. Calculate the highest common divisor of q and 8.
8
Let s be 422/6 + (-2)/6. Let z be 4*(3/(-6) + 3). Calculate the greatest common divisor of z and s.
10
Let d = 17 - 8. Suppose -3*h - q - 3*q = -23, -4*q + 32 = 4*h. What is the highest common factor of h and d?
9
Suppose -3*v = -8 + 2, -g + 2*v + 2 = 0. Suppose -3*j - 36 = -4*m, 1 = 3*j - 3*m + 34. Let l be (-5 - -2)/(1/j). What is the highest common factor of g and l?
6
Let f(v) be the third derivative of v**5/30 - v**4/8 + v**3/2 + 9*v**2. Let d be f(2). Calculate the highest common divisor of d and 45.
5
Suppose 5*q = 5 - 0. Let k = 4 - q. What is the highest common factor of 1 and k?
1
Let j = 6 - 7. Let r be j + -3*(-3 - -2). Suppose -3*m + r*m = -20. Calculate the greatest common divisor of 160 and m.
20
Suppose 2*q - 170 = -5*h, -h + 25 = -q - 2. Calculate the highest common divisor of h and 8.
8
Suppose -612 = -3*i + 3*l, 4*i + 4*l = -l + 825. What is the greatest common factor of i and 41?
41
Suppose -5*u = 2*n - 31, 2*n - u + 2 = 3. Let k(f) = f**2 - 6*f + 6. Let m be k(5). Let z = n - m. What is the highest common factor of z and 14?
2
Let j = 7 - 8. Let d be (-2622)/(-12) + j/2. Suppose 70 = 4*f - d. What is the greatest common factor of 48 and f?
24
Let x = -6 - -24. What is the greatest common divisor of 27 and x?
9
Let u = 4 - 1. Suppose -32 = x - u*x. Suppose 4*v = -5*m + 175, 0 = -5*v - m + 27 + 176. Calculate the greatest common factor of v and x.
8
Let c = -14 - -19. Let t(g) = 3*g - 1. Let l be t(c). Suppose 2*n - 68 = d, 2*n - 7*d - 60 = -2*d. What is the greatest common factor of l and n?
7
Let k = -296 + 416. Let w(o) = -o**3 - o**2 + o. Let l be w(-3). What is the greatest common factor of l and k?
15
Let y(d) = 5*d + 16. Let j be y(8). Let i be (-2)/(-6) + (-92)/(-12). Calculate the greatest common divisor of i and j.
8
Let g be 3/(-9) - 1252/(-12). Calculate the greatest common divisor of g and 13.
13
Let o(w) = w**2 + w + 4. Let y be o(3). Let j = -6 + y. Calculate the highest common divisor of j and 25.
5
Let d = 35 + 21. Let q be 180/22 - (-8)/(-44). What is the highest common factor of d and q?
8
Let u = 103 + 75. Let a = -101 + u. Calculate the greatest common factor of 11 and a.
11
Suppose 4*z = 3*a + 2*a - 33, -z = 2*a - 8. Calculate the highest common factor of a and 10.
5
Suppose -4*i + 71 = -l - 61, 5*i + 5*l = 140. Let v = 12 + 4. Calculate the highest common factor of v and i.
16
Suppose -2*z - 4*s + 24 = 0, -4*z + 6*z = s + 14. Let r 